a prime number?
True
Is 3690376003 a composite number?
True
Is 447662483 prime?
True
Is 3424418587 prime?
False
Is 124829962709 prime?
False
Is 14415520433 a composite number?
False
Is 16393699661 composite?
True
Is 11108457551 a composite number?
True
Is 8354897627 composite?
True
Is 428237269 composite?
True
Is 69741359 composite?
True
Is 4382185721 a prime number?
True
Is 188242493 a prime number?
True
Is 11012570585 a prime number?
False
Is 1871902877 a composite number?
True
Is 980184599 a prime number?
False
Is 12791546063 prime?
False
Is 17091884003 a composite number?
False
Is 430306463 prime?
True
Is 8539693865 a prime number?
False
Is 4021797739 prime?
True
Is 234582169 a composite number?
False
Is 323722561 prime?
False
Is 1859030311 a composite number?
False
Is 86671979 composite?
True
Is 8915660661 composite?
True
Is 1116891437 a prime number?
True
Is 39686640781 a composite number?
True
Is 4798758371 a prime number?
False
Is 275013385 composite?
True
Is 994045055 prime?
False
Is 16945283279 a composite number?
False
Is 86994110569 prime?
True
Is 49462895983 a composite number?
False
Is 250565041 composite?
True
Is 28717172529 a prime number?
False
Is 522706703 a prime number?
True
Is 103308979 a composite number?
True
Is 30519233557 prime?
True
Is 1678131061 a composite number?
False
Is 5244277823 a composite number?
True
Is 422517647 composite?
False
Is 37870373821 composite?
True
Is 78866724227 composite?
True
Is 130037315 a composite number?
True
Is 409612061 composite?
False
Is 3579505529 prime?
True
Is 43816176629 a prime number?
True
Is 57197855171 a composite number?
True
Is 3178454329 a prime number?
True
Is 193923371 prime?
True
Is 382743209 prime?
False
Is 4265804957 a composite number?
False
Is 4673817307 a composite number?
False
Is 1815348449 prime?
True
Is 4149143977 composite?
True
Is 247960148501 a composite number?
True
Is 10999183519 a prime number?
False
Is 202541093 a composite number?
True
Is 833846201 composite?
False
Is 4535726957 prime?
False
Is 1095179617 prime?
False
Is 293006081 a prime number?
False
Is 124588989911 prime?
True
Is 49116897863 a prime number?
False
Is 6377009673 prime?
False
Is 305923843 prime?
False
Is 1286648281 a composite number?
True
Is 2829447277 composite?
True
Is 986718353 composite?
True
Is 2595333211 a prime number?
True
Is 906553619 composite?
True
Is 666325327 a prime number?
False
Is 830240767 prime?
False
Is 46643348009 prime?
True
Is 93845222741 a prime number?
True
Is 19493264793 prime?
False
Is 118561834 a composite number?
True
Is 42946339 prime?
True
Is 341817797 a prime number?
True
Is 18652179109 composite?
False
Is 1958227577 a prime number?
True
Is 27101590357 a composite number?
False
Is 5898629717 composite?
True
Is 32636916997 a prime number?
False
Is 45576451031 composite?
False
Is 931656709 prime?
True
Is 213819145 a composite number?
True
Is 655119859 a composite number?
False
Is 1093777823 a composite number?
False
Is 9511918937 composite?
True
Is 415650551 a composite number?
False
Is 999810319 prime?
False
Is 1105950229 a composite number?
False
Is 2455159391 a prime number?
True
Is 1456797191 a prime number?
False
Is 2599533499 a prime number?
True
Is 1361800211 a prime number?
True
Is 11108896781 composite?
True
Is 13317417227 composite?
True
Is 202857799 a prime number?
True
Is 36358653511 prime?
True
Is 7487981815 a prime number?
False
Is 8727896729 a prime number?
False
Is 496227061 a prime number?
False
Is 8475449119 a prime number?
False
Is 18865059739 a composite number?
True
Is 24443151 a composite number?
True
Is 543418507 a composite number?
True
Is 16044318149 composite?
True
Is 2354940257 prime?
False
Is 189212923 composite?
False
Is 64224648547 prime?
True
Is 25386449437 prime?
True
Is 16832257451 prime?
True
Is 13917238451 composite?
False
Is 769426703 a prime number?
True
Is 2936150653 composite?
True
Is 55106222191 a composite number?
False
Is 452688868221 a prime number?
False
Is 585720403 a prime number?
False
Is 1191299309 a composite number?
False
Is 689512847 a composite number?
True
Is 1127425501 a composite number?
False
Is 1881487687 composite?
False
Is 6735291041 a composite number?
True
Is 10779477607 composite?
False
Is 244440683195 composite?
True
Is 12492950689 a composite number?
False
Is 471233501 a prime number?
True
Is 872178053 prime?
True
Is 40530960187 prime?
True
Is 74284236427 prime?
True
Is 5351153981 prime?
False
Is 1444222657 prime?
False
Is 553016509 composite?
True
Is 345630169 a composite number?
False
Is 43951084027 a composite number?
False
Is 17911379 a prime number?
True
Is 14029985687 a composite number?
True
Is 6966536699 composite?
True
Is 35973789871 composite?
False
Is 18035028119 prime?
False
Is 6290736513 composite?
True
Is 189186850273 a composite number?
True
Is 1696333031 a composite number?
True
Is 11197312603 a composite number?
False
Is 3131368553 a prime number?
False
Is 255697159 prime?
True
Is 253428389 a prime number?
True
Is 271227403 prime?
True
Is 1627693547 a composite number?
True
Is 7542406381 a prime number?
False
Is 1948592491 composite?
False
Is 3435441857 a composite number?
True
Is 539048707 prime?
True
Is 2623099667 a composite number?
False
Is 418525649 a prime number?
True
Is 17241783253 a composite number?
False
Is 16992596927 a composite number?
False
Is 7176274393 a prime number?
True
Is 2761625963 a prime number?
False
Is 6153748801 a prime number?
False
Is 5449472929 prime?
True
Is 38455844149 composite?
False
Is 193208233 a composite number?
True
Is 350771747 a composite number?
True
Is 2871877387 composite?
True
Is 1733500583 a composite number?
False
Is 4993575562 a composite number?
True
Is 111091901 a prime number?
False
Is 20281922053 a prime number?
False
Is 476643589 composite?
False
Is 248681078398 prime?
False
Is 217984841 prime?
True
Is 1711177123 a composite number?
False
Is 87956816221 prime?
True
Is 2206121581 a composite number?
False
Is 11692221997 a composite number?
False
Is 109440493 a composite number?
False
Is 630258071 composite?
False
Is 261591983 a composite number?
False
Is 87321907 a composite number?
True
Is 963641663 composite?
False
Is 466053293 prime?
True
Is 62318862257 composite?
False
Is 9289271729 a prime number?
False
Is 225424603 composite?
False
Is 907349857 prime?
False
Is 145532227 a composite number?
False
Is 9163750105 prime?
False
Is 571121867 a prime number?
True
Is 4494383731 composite?
True
Is 2606991953 a composite number?
True
Is 26198896829 composite?
True
Is 985308889 prime?
True
Is 3437804341 prime?
False
Is 359222593 prime?
False
Is 70288002877 prime?
False
Is 328709267 composite?
False
Is 715443989 prime?
False
Is 32762488673 composite?
False
Is 34059971663 prime?
False
Is 4017730403 a composite number?
False
Is 7745895877 a composite number?
True
Is 466017971 prime?
True
Is 292819487 composite?
False
Is 5114672669 a composite number?
False
Is 490333759 a prime number?
False
Is 4905319631 a prime number?
True
Is 269042933 prime?
True
Is 3630151543 prime?
False
Is 27972100627 composite?
True
Is 14003236837 a composite number?
False
Is 633491087 composite?
True
Is 1043329697 a composite number?
True
Is 5087766143 a composite number?
True
Is 11680837771 a composite number?
True
Is 16643612299 a composite number?
True
Is 551043043 composite?
True
Is 1150801163 composite?
True
Is 40804990319 a prime number?
True
Is 63123693557 a prime number?
True
Is 28148927585 composite?
True
Is 34117760423 a prime number?
True
Is 9721302907 prime?
True
Is 17314021663 composite?
True
Is 116565197 a prime number?
False
Is 670517563 a prime number?
True
Is 13338576437 prime?
True
Is 7672307 prime?
True
Is 30616975487 a composite number?
True
Is 231014537 prime?
False
Is 3104038594 a composite number?
True
Is 7554661 composite?
True
Is 294458073079 prime?
True
Is 56006226067 prime?
False
Is 10830314569 a prime number?
False
Is 22312360109 a prime number?
False
Is 172336763 prime?
False
Is 981505279 prime?
True
Is 1045534619 prime?
True
Is 16408050839 composite?
False
Is 477150911 a composite number?
True
Is 24191335939 composite?
False
Is 1029885641 a prime number?
False
Is 47268579661 a composite number?
True
Is 491507141 composite?
True
